hat is the remainder when 3634 is divided by 115?
69
What is the remainder when 16191 is divided by 182?
175
Calculate the remainder when 18417 is divided by 123.
90
What is the remainder when 6919 is divided by 161?
157
What is the remainder when 141072 is divided by 627?
624
Calculate the remainder when 23803 is divided by 496.
491
Calculate the remainder when 12291 is divided by 2395.
316
Calculate the remainder when 2795 is divided by 145.
40
Calculate the remainder when 4040211 is divided by 141.
138
Calculate the remainder when 14109 is divided by 183.
18
What is the remainder when 8834 is divided by 112?
98
What is the remainder when 4103 is divided by 1194?
521
What is the remainder when 12106 is divided by 107?
15
What is the remainder when 18452 is divided by 75?
2
Calculate the remainder when 3766 is divided by 1244.
34
Calculate the remainder when 90910 is divided by 677.
192
What is the remainder when 15254 is divided by 640?
534
Calculate the remainder when 7065 is divided by 69.
27
What is the remainder when 6448 is divided by 820?
708
Calculate the remainder when 2368 is divided by 2366.
2
What is the remainder when 78330 is divided by 2008?
18
What is the remainder when 262861 is divided by 386?
381
What is the remainder when 166052 is divided by 187?
183
Calculate the remainder when 5385 is divided by 2691.
3
What is the remainder when 7867 is divided by 7847?
20
What is the remainder when 94767 is divided by 1529?
1498
What is the remainder when 108235 is divided by 2042?
9
What is the remainder when 189560 is divided by 91?
7
Calculate the remainder when 669 is divided by 48.
45
What is the remainder when 13347 is divided by 2210?
87
Calculate the remainder when 149457 is divided by 564.
561
Calculate the remainder when 6196606 is divided by 48.
46
Calculate the remainder when 6216 is divided by 1073.
851
What is the remainder when 66631 is divided by 103?
93
What is the remainder when 3630 is divided by 1787?
56
What is the remainder when 1574853 is divided by 27?
24
Calculate the remainder when 26632 is divided by 207.
136
Calculate the remainder when 15172 is divided by 2529.
2527
Calculate the remainder when 10076 is divided by 9647.
429
Calculate the remainder when 1098 is divided by 1082.
16
What is the remainder when 39596 is divided by 360?
356
Calculate the remainder when 1481 is divided by 306.
257
Calculate the remainder when 4425 is divided by 4385.
40
What is the remainder when 58526 is divided by 110?
6
What is the remainder when 33342 is divided by 26?
10
What is the remainder when 1128 is divided by 29?
26
Calculate the remainder when 30771 is divided by 34.
1
What is the remainder when 2039 is divided by 626?
161
What is the remainder when 35539 is divided by 151?
54
Calculate the remainder when 490433 is divided by 1223.
10
Calculate the remainder when 5371 is divided by 34.
33
What is the remainder when 106869 is divided by 53405?
59
Calculate the remainder when 702 is divided by 571.
131
What is the remainder when 1240 is divided by 412?
4
Calculate the remainder when 12959 is divided by 1617.
23
What is the remainder when 1670 is divided by 323?
55
What is the remainder when 1041 is divided by 533?
508
Calculate the remainder when 50473 is divided by 238.
17
What is the remainder when 176081 is divided by 176076?
5
Calculate the remainder when 12058 is divided by 268.
266
What is the remainder when 100916 is divided by 232?
228
Calculate the remainder when 2286 is divided by 815.
656
What is the remainder when 31708 is divided by 10564?
16
Calculate the remainder when 2927 is divided by 888.
263
What is the remainder when 359502 is divided by 344?
22
Calculate the remainder when 44945 is divided by 1796.
45
Calculate the remainder when 16312 is divided by 2365.
2122
Calculate the remainder when 5950 is divided by 538.
32
What is the remainder when 58616 is divided by 33?
8
Calculate the remainder when 71225 is divided by 71214.
11
What is the remainder when 15486 is divided by 73?
10
What is the remainder when 827 is divided by 64?
59
What is the remainder when 3997 is divided by 31?
29
What is the remainder when 37697 is divided by 3139?
29
Calculate the remainder when 68057 is divided by 82.
79
What is the remainder when 49114 is divided by 1819?
1
What is the remainder when 71363 is divided by 23787?
2
Calculate the remainder when 1464 is divided by 721.
22
Calculate the remainder when 101888 is divided by 4075.
13
What is the remainder when 20451 is divided by 16?
3
What is the remainder when 23188 is divided by 890?
48
Calculate the remainder when 285210 is divided by 452.
450
What is the remainder when 10351 is divided by 384?
367
What is the remainder when 6703 is divided by 2229?
16
Calculate the remainder when 887088 is divided by 7.
6
What is the remainder when 26237 is divided by 136?
125
What is the remainder when 278 is divided by 58?
46
What is the remainder when 16372 is divided by 268?
24
What is the remainder when 1046 is divided by 32?
22
What is the remainder when 5159 is divided by 156?
11
What is the remainder when 3684 is divided by 557?
342
Calculate the remainder when 18992 is divided by 678.
8
What is the remainder when 133104 is divided by 1178?
1168
Calculate the remainder when 31941 is divided by 193.
96
What is the remainder when 6288 is divided by 2090?
18
What is the remainder when 12116 is divided by 10078?
2038
Calculate the remainder when 18479 is divided by 4600.
79
What is the remainder when 166782 is divided by 8?
6
What is the remainder when 82593 is divided by 39?
30
What is the remainder when 1081 is divided by 246?
97
What is the remainder when 9259 is divided by 342?
25
What is the remainder when 8443 is divided by 130?
123
Calculate the remainder when 182938 is divided by 443.
422
Calculate the remainder when 1188531 is divided by 58.
53
What is the remainder when 114812 is divided by 69?
65
Calculate the remainder when 407343 is divided by 203648.
47
Calculate the remainder when 165682 is divided by 67.
58
Calculate the remainder when 9483 is divided by 9472.
11
What is the remainder when 16557 is divided by 591?
9
What is the remainder when 7213 is divided by 230?
83
What is the remainder when 120427 is divided by 252?
223
Calculate the remainder when 21495 is divided by 5210.
655
Calculate the remainder when 1370 is divided by 424.
98
What is the remainder when 3506 is divided by 1113?
167
What is the remainder when 1460 is divided by 1236?
224
What is the remainder when 10385631 is divided by 982?
981
Calculate the remainder when 1215 is divided by 37.
31
Calculate the remainder when 21327 is divided by 10.
7
What is the remainder when 1400 is divided by 42?
14
What is the remainder when 512035 is divided by 64?
35
Calculate the remainder when 13287 is divided by 4406.
69
Calculate the remainder when 2654 is divided by 18.
8
Calculate the remainder when 30437 is divided by 1435.
302
What is the remainder when 426951 is divided by 106729?
35
What is the remainder when 1145903 is divided by 12?
11
Calculate the remainder when 1707 is divided by 502.
201
What is the remainder when 1112 is divided by 186?
182
Calculate the remainder when 12541 is divided by 892.
53
What is the remainder when 102541 is divided by 19?
17
What is the remainder when 626 is divided by 15?
11
Calculate the remainder when 12072 is divided by 7.
4
What is the remainder when 441517 is divided by 7483?
20
Calculate the remainder when 42894 is divided by 112.
110
What is the remainder when 6671 is divided by 6604?
67
Calculate the remainder when 125748 is divided by 74.
22
What is the remainder when 11453 is divided by 201?
197
What is the remainder when 6222 is divided by 485?
402
What is the remainder when 5644 is divided by 467?
40
What is the remainder when 1153 is divided by 114?
13
What is the remainder when 491461 is divided by 41?
35
Calculate the remainder when 25816 is divided by 994.
966
Calculate the remainder when 19320 is divided by 293.
275
Calculate the remainder when 5005 is divided by 394.
277
What is the remainder when 2159 is divided by 89?
23
What is the remainder when 2634 is divided by 3?
0
What is the remainder when 553 is divided by 157?
82
Calculate the rema